{"id":28,"date":"2025-02-08T08:46:10","date_gmt":"2025-02-08T08:46:10","guid":{"rendered":"https:\/\/tiliapuri.fi\/?page_id=28"},"modified":"2025-12-20T08:30:59","modified_gmt":"2025-12-20T08:30:59","slug":"ota-yhteytta","status":"publish","type":"page","link":"https:\/\/tiliapuri.fi\/?page_id=28","title":{"rendered":"Yhteydenotot"},"content":{"rendered":"\n<h2 class=\"wp-block-heading\">Tee hinta- ja saatavuustiedustelu helposti lomakkeen kautta (5 min)<\/h2>\n\n\n\n<p>Muut yhteydenotot s\u00e4hk\u00f6postitse <strong>riku@tiliapuri.fi<\/strong>.<\/p>\n\n\n\n<div class=\"tally-center\">\n  <iframe data-tally-src=\"https:\/\/tally.so\/embed\/VLjV0M?hideTitle=1&#038;transparentBackground=1&#038;dynamicHeight=1\"\n          loading=\"lazy\" width=\"100%\" height=\"2336\"\n          frameborder=\"0\" marginheight=\"0\" marginwidth=\"0\"\n          title=\"Saatavuus- ja hintatiedustelu taloyhti\u00f6n kirjanpitopalveluista\">\n  <\/iframe>\n<\/div>\n\n<script>\n  var d=document,w=\"https:\/\/tally.so\/widgets\/embed.js\",\n  v=function(){\n    \"undefined\"!=typeof Tally?Tally.loadEmbeds():\n    d.querySelectorAll(\"iframe[data-tally-src]:not([src])\").forEach(function(e){\n      e.src=e.dataset.tallySrc\n    })\n  };\n  if(\"undefined\"!=typeof Tally)v();\n  else if(d.querySelector('script[src=\"'+w+'\"]')==null){\n    var s=d.createElement(\"script\");\n    s.src=w,s.onload=v,s.onerror=v,d.body.appendChild(s);\n  }\n<\/script>\n\n","protected":false},"excerpt":{"rendered":"<p>Tee hinta- ja saatavuustiedustelu helposti lomakkeen kautta (5 min) Muut yhteydenotot s\u00e4hk\u00f6postitse riku@tiliapuri.fi.<\/p>\n","protected":false},"author":1,"featured_media":0,"parent":0,"menu_order":0,"comment_status":"closed","ping_status":"closed","template":"","meta":{"footnotes":""},"class_list":["post-28","page","type-page","status-publish","hentry"],"yoast_head":"<!-- This site is optimized with the Yoast SEO plugin v24.5 - https:\/\/yoast.com\/wordpress\/plugins\/seo\/ -->\n<title>Yhteydenotot - Tiliapuri<\/title>\n<meta name=\"robots\" content=\"index, follow, max-snippet:-1, max-image-preview:large, max-video-preview:-1\" \/>\n<link rel=\"canonical\" href=\"https:\/\/tiliapuri.fi\/?page_id=28\" \/>\n<meta property=\"og:locale\" content=\"fi_FI\" \/>\n<meta property=\"og:type\" content=\"article\" \/>\n<meta property=\"og:title\" content=\"Yhteydenotot - Tiliapuri\" \/>\n<meta property=\"og:description\" content=\"Tee hinta- ja saatavuustiedustelu helposti lomakkeen kautta (5 min) Muut yhteydenotot s\u00e4hk\u00f6postitse riku@tiliapuri.fi.\" \/>\n<meta property=\"og:url\" content=\"https:\/\/tiliapuri.fi\/?page_id=28\" \/>\n<meta property=\"og:site_name\" content=\"Tiliapuri\" \/>\n<meta property=\"article:modified_time\" content=\"2025-12-20T08:30:59+00:00\" \/>\n<meta name=\"twitter:card\" content=\"summary_large_image\" \/>\n<meta name=\"twitter:label1\" content=\"Arvioitu lukuaika\" \/>\n\t<meta name=\"twitter:data1\" content=\"1 minuutti\" \/>\n<script type=\"application\/ld+json\" class=\"yoast-schema-graph\">{\"@context\":\"https:\/\/schema.org\",\"@graph\":[{\"@type\":\"WebPage\",\"@id\":\"https:\/\/tiliapuri.fi\/?page_id=28\",\"url\":\"https:\/\/tiliapuri.fi\/?page_id=28\",\"name\":\"Yhteydenotot - Tiliapuri\",\"isPartOf\":{\"@id\":\"https:\/\/tiliapuri.fi\/#website\"},\"datePublished\":\"2025-02-08T08:46:10+00:00\",\"dateModified\":\"2025-12-20T08:30:59+00:00\",\"breadcrumb\":{\"@id\":\"https:\/\/tiliapuri.fi\/?page_id=28#breadcrumb\"},\"inLanguage\":\"fi\",\"potentialAction\":[{\"@type\":\"ReadAction\",\"target\":[\"https:\/\/tiliapuri.fi\/?page_id=28\"]}]},{\"@type\":\"BreadcrumbList\",\"@id\":\"https:\/\/tiliapuri.fi\/?page_id=28#breadcrumb\",\"itemListElement\":[{\"@type\":\"ListItem\",\"position\":1,\"name\":\"Etusivu\",\"item\":\"https:\/\/tiliapuri.fi\/\"},{\"@type\":\"ListItem\",\"position\":2,\"name\":\"Yhteydenotot\"}]},{\"@type\":\"WebSite\",\"@id\":\"https:\/\/tiliapuri.fi\/#website\",\"url\":\"https:\/\/tiliapuri.fi\/\",\"name\":\"Tiliapuri\",\"description\":\"Pienen taloyhti\u00f6n kirjanpito ja tilinp\u00e4\u00e4t\u00f6s |  Kirjanpitopalvelut helposti netist\u00e4 | TilIapuri\",\"alternateName\":\"Tiliapuri.fi\",\"potentialAction\":[{\"@type\":\"SearchAction\",\"target\":{\"@type\":\"EntryPoint\",\"urlTemplate\":\"https:\/\/tiliapuri.fi\/?s={search_term_string}\"},\"query-input\":{\"@type\":\"PropertyValueSpecification\",\"valueRequired\":true,\"valueName\":\"search_term_string\"}}],\"inLanguage\":\"fi\"}]}<\/script>\n<!-- \/ Yoast SEO plugin. -->","yoast_head_json":{"title":"Yhteydenotot - Tiliapuri","robots":{"index":"index","follow":"follow","max-snippet":"max-snippet:-1","max-image-preview":"max-image-preview:large","max-video-preview":"max-video-preview:-1"},"canonical":"https:\/\/tiliapuri.fi\/?page_id=28","og_locale":"fi_FI","og_type":"article","og_title":"Yhteydenotot - Tiliapuri","og_description":"Tee hinta- ja saatavuustiedustelu helposti lomakkeen kautta (5 min) Muut yhteydenotot s\u00e4hk\u00f6postitse riku@tiliapuri.fi.","og_url":"https:\/\/tiliapuri.fi\/?page_id=28","og_site_name":"Tiliapuri","article_modified_time":"2025-12-20T08:30:59+00:00","twitter_card":"summary_large_image","twitter_misc":{"Arvioitu lukuaika":"1 minuutti"},"schema":{"@context":"https:\/\/schema.org","@graph":[{"@type":"WebPage","@id":"https:\/\/tiliapuri.fi\/?page_id=28","url":"https:\/\/tiliapuri.fi\/?page_id=28","name":"Yhteydenotot - Tiliapuri","isPartOf":{"@id":"https:\/\/tiliapuri.fi\/#website"},"datePublished":"2025-02-08T08:46:10+00:00","dateModified":"2025-12-20T08:30:59+00:00","breadcrumb":{"@id":"https:\/\/tiliapuri.fi\/?page_id=28#breadcrumb"},"inLanguage":"fi","potentialAction":[{"@type":"ReadAction","target":["https:\/\/tiliapuri.fi\/?page_id=28"]}]},{"@type":"BreadcrumbList","@id":"https:\/\/tiliapuri.fi\/?page_id=28#breadcrumb","itemListElement":[{"@type":"ListItem","position":1,"name":"Etusivu","item":"https:\/\/tiliapuri.fi\/"},{"@type":"ListItem","position":2,"name":"Yhteydenotot"}]},{"@type":"WebSite","@id":"https:\/\/tiliapuri.fi\/#website","url":"https:\/\/tiliapuri.fi\/","name":"Tiliapuri","description":"Pienen taloyhti\u00f6n kirjanpito ja tilinp\u00e4\u00e4t\u00f6s |  Kirjanpitopalvelut helposti netist\u00e4 | TilIapuri","alternateName":"Tiliapuri.fi","potentialAction":[{"@type":"SearchAction","target":{"@type":"EntryPoint","urlTemplate":"https:\/\/tiliapuri.fi\/?s={search_term_string}"},"query-input":{"@type":"PropertyValueSpecification","valueRequired":true,"valueName":"search_term_string"}}],"inLanguage":"fi"}]}},"_links":{"self":[{"href":"https:\/\/tiliapuri.fi\/index.php?rest_route=\/wp\/v2\/pages\/28","targetHints":{"allow":["GET"]}}],"collection":[{"href":"https:\/\/tiliapuri.fi\/index.php?rest_route=\/wp\/v2\/pages"}],"about":[{"href":"https:\/\/tiliapuri.fi\/index.php?rest_route=\/wp\/v2\/types\/page"}],"author":[{"embeddable":true,"href":"https:\/\/tiliapuri.fi\/index.php?rest_route=\/wp\/v2\/users\/1"}],"replies":[{"embeddable":true,"href":"https:\/\/tiliapuri.fi\/index.php?rest_route=%2Fwp%2Fv2%2Fcomments&post=28"}],"version-history":[{"count":18,"href":"https:\/\/tiliapuri.fi\/index.php?rest_route=\/wp\/v2\/pages\/28\/revisions"}],"predecessor-version":[{"id":151,"href":"https:\/\/tiliapuri.fi\/index.php?rest_route=\/wp\/v2\/pages\/28\/revisions\/151"}],"wp:attachment":[{"href":"https:\/\/tiliapuri.fi\/index.php?rest_route=%2Fwp%2Fv2%2Fmedia&parent=28"}],"curies":[{"name":"wp","href":"https:\/\/api.w.org\/{rel}","templated":true}]}}